by 17?
9
Calculate the remainder when 4530 is divided by 489.
129
What is the remainder when 60039 is divided by 2309?
5
Calculate the remainder when 21844 is divided by 986.
152
What is the remainder when 19040 is divided by 2370?
80
Calculate the remainder when 4794 is divided by 609.
531
Calculate the remainder when 52303 is divided by 467.
466
What is the remainder when 95297 is divided by 474?
23
Calculate the remainder when 13328 is divided by 740.
8
What is the remainder when 54463 is divided by 482?
479
What is the remainder when 1067 is divided by 1058?
9
Calculate the remainder when 15154 is divided by 158.
144
What is the remainder when 1408 is divided by 496?
416
Calculate the remainder when 29242 is divided by 14574.
94
Calculate the remainder when 15229 is divided by 43.
7
What is the remainder when 32211 is divided by 10729?
24
Calculate the remainder when 26079 is divided by 6509.
43
What is the remainder when 25124 is divided by 40?
4
What is the remainder when 75761 is divided by 24?
17
Calculate the remainder when 4360 is divided by 2168.
24
What is the remainder when 88639 is divided by 596?
431
What is the remainder when 6379 is divided by 1560?
139
Calculate the remainder when 10956 is divided by 52.
36
What is the remainder when 2474 is divided by 519?
398
Calculate the remainder when 55321 is divided by 5525.
71
Calculate the remainder when 7806 is divided by 1561.
1
Calculate the remainder when 876892 is divided by 146147.
10
Calculate the remainder when 16121 is divided by 5303.
212
What is the remainder when 56828 is divided by 28405?
18
Calculate the remainder when 9174 is divided by 538.
28
Calculate the remainder when 27295 is divided by 104.
47
What is the remainder when 28482651 is divided by 373?
371
What is the remainder when 13954 is divided by 738?
670
What is the remainder when 17918 is divided by 8944?
30
Calculate the remainder when 8321 is divided by 112.
33
What is the remainder when 7972 is divided by 1993?
0
Calculate the remainder when 20472 is divided by 185.
122
Calculate the remainder when 10146 is divided by 51.
48
Calculate the remainder when 22032 is divided by 736.
688
What is the remainder when 12651 is divided by 362?
343
Calculate the remainder when 8000 is divided by 312.
200
What is the remainder when 11037 is divided by 394?
5
What is the remainder when 55269 is divided by 249?
240
What is the remainder when 282021 is divided by 7?
5
What is the remainder when 3488 is divided by 18?
14
Calculate the remainder when 1235742 is divided by 107.
106
What is the remainder when 5354 is divided by 2624?
106
Calculate the remainder when 32937 is divided by 157.
124
Calculate the remainder when 2032522 is divided by 1212.
1210
What is the remainder when 614873 is divided by 94?
19
Calculate the remainder when 9485 is divided by 2367.
17
What is the remainder when 680248 is divided by 1546?
8
Calculate the remainder when 17093 is divided by 5648.
149
Calculate the remainder when 4983 is divided by 41.
22
Calculate the remainder when 141415 is divided by 3.
1
Calculate the remainder when 1657249 is divided by 9.
7
Calculate the remainder when 1408 is divided by 42.
22
Calculate the remainder when 994416 is divided by 26.
20
What is the remainder when 25683 is divided by 50?
33
What is the remainder when 16198 is divided by 1002?
166
What is the remainder when 1458 is divided by 79?
36
Calculate the remainder when 9999 is divided by 207.
63
Calculate the remainder when 91522 is divided by 219.
199
What is the remainder when 5919 is divided by 185?
184
What is the remainder when 113 is divided by 77?
36
What is the remainder when 1606612 is divided by 37?
35
What is the remainder when 1957 is divided by 62?
35
What is the remainder when 85864 is divided by 11?
9
What is the remainder when 2651 is divided by 2483?
168
Calculate the remainder when 5204 is divided by 138.
98
Calculate the remainder when 12833 is divided by 33.
29
Calculate the remainder when 400021 is divided by 62.
59
Calculate the remainder when 16863 is divided by 856.
599
What is the remainder when 55082 is divided by 55?
27
What is the remainder when 4798485 is divided by 1938?
1935
What is the remainder when 591903 is divided by 3?
0
What is the remainder when 12018 is divided by 62?
52
Calculate the remainder when 2430 is divided by 58.
52
Calculate the remainder when 4117 is divided by 821.
12
What is the remainder when 2051 is divided by 34?
11
Calculate the remainder when 2350 is divided by 765.
55
Calculate the remainder when 963 is divided by 616.
347
Calculate the remainder when 5547 is divided by 123.
12
What is the remainder when 5566 is divided by 2779?
8
Calculate the remainder when 1544 is divided by 250.
44
Calculate the remainder when 32926 is divided by 1317.
1
Calculate the remainder when 2408 is divided by 69.
62
What is the remainder when 1054 is divided by 214?
198
What is the remainder when 97186 is divided by 48547?
92
Calculate the remainder when 680589 is divided by 66.
63
Calculate the remainder when 466087 is divided by 232.
231
What is the remainder when 46171 is divided by 10?
1
Calculate the remainder when 131310 is divided by 111.
108
What is the remainder when 46468 is divided by 15483?
19
What is the remainder when 41156 is divided by 210?
206
What is the remainder when 690665 is divided by 4399?
22
What is the remainder when 345676 is divided by 802?
14
Calculate the remainder when 139056 is divided by 34.
30
What is the remainder when 6445 is divided by 67?
13
What is the remainder when 44050 is divided by 95?
65
Calculate the remainder when 59700 is divided by 214.
208
What is the remainder when 47985 is divided by 959?
35
What is the remainder when 13632 is divided by 17?
15
Calculate the remainder when 6421 is divided by 1252.
161
What is the remainder when 14352 is divided by 1794?
0
Calculate the remainder when 44283 is divided by 360.
3
Calculate the remainder when 6107 is divided by 6.
5
Calculate the remainder when 179292 is divided by 193.
188
Calculate the remainder when 11353588 is divided by 90.
88
What is the remainder when 1221 is divided by 65?
51
Calculate the remainder when 111733 is divided by 1510.
1503
Calculate the remainder when 2982498 is divided by 250.
248
Calculate the remainder when 124179 is divided by 17739.
6
Calculate the remainder when 223964 is divided by 653.
638
Calculate the remainder when 625124 is divided by 312558.
8
What is the remainder when 1696 is divided by 842?
12
Calculate the remainder when 17637 is divided by 2198.
53
What is the remainder when 4064 is divided by 3707?
357
Calculate the remainder when 47529 is divided by 93.
6
What is the remainder when 10407 is divided by 3462?
21
Calculate the remainder when 527 is divided by 148.
83
What is the remainder when 199871 is divided by 125?
121
What is the remainder when 52813 is divided by 188?
173
What is the remainder when 5384 is divided by 270?
254
What is the remainder when 6520 is divided by 115?
80
What is the remainder when 124029 is divided by 2067?
9
Calculate the remainder when 38565 is divided by 919.
886
What is the remainder when 167839 is divided by 33560?
39
Calculate the remainder when 3219 is divided by 650.
619
Calculate the remainder when 2976 is divided by 199.
190
Calculate the remainder when 183440 is divided by 141.
140
What is the remainder when 1309811 is divided by 13?
9
What is the remainder when 153980 is divided by 6694?
18
Calculate the remainder when 887 is divided by 170.
37
What is the remainder when 2044886 is divided by 272?
262
What is the remainder when 11145 is divided by 622?
571
Calculate the remainder when 3801 is divided by 198.
39
What is the remainder when 11278 is divided by 590?
68
What is the remainder when 101403 is divided by 3897?
81
What is the remainder when 31461 is divided by 78?
27
Calculate the remainder when 14101 is divided by 6951.
199
What is the remainder when 20810 is divided by 2204?
974
What is the remainder when 2656 is divided by 883?
7
Calculate the remainder when 109884 is divided by 16.
12
Calculate the remainder when 177683 is divided by 134.
133
What is the remainder when 52167 is divided by 30?
27
Calculate the remainder when 6